{"id":31,"date":"2021-10-21T09:27:45","date_gmt":"2021-10-21T09:27:45","guid":{"rendered":"http:\/\/massagepraxis-ilanz.ch\/?page_id=31"},"modified":"2021-12-20T11:00:19","modified_gmt":"2021-12-20T11:00:19","slug":"kontakt","status":"publish","type":"page","link":"https:\/\/massagepraxis-ilanz.ch\/?page_id=31","title":{"rendered":"Kontakt"},"content":{"rendered":"\t\t<div data-elementor-type=\"wp-page\" data-elementor-id=\"31\" class=\"elementor elementor-31\">\n\t\t\t\t\t\t<section class=\"elementor-section elementor-top-section elementor-element elementor-element-39ccdd7 elementor-section-boxed elementor-section-height-default elementor-section-height-default\" data-id=\"39ccdd7\" data-element_type=\"section\" data-e-type=\"section\">\n\t\t\t\t\t\t<div class=\"elementor-container elementor-column-gap-default\">\n\t\t\t\t\t<div class=\"elementor-column elementor-col-50 elementor-top-column elementor-element elementor-element-efa79a2\" data-id=\"efa79a2\" data-element_type=\"column\" data-e-type=\"column\">\n\t\t\t<div class=\"elementor-widget-wrap elementor-element-populated\">\n\t\t\t\t\t\t<div class=\"elementor-element elementor-element-468bc36 elementor-widget elementor-widget-text-editor\" data-id=\"468bc36\" data-element_type=\"widget\" data-e-type=\"widget\" data-widget_type=\"text-editor.default\">\n\t\t\t\t<div class=\"elementor-widget-container\">\n\t\t\t\t\t\t\t\t\t<div id=\"block-10\" class=\"widget widget_block widget_text\"><h1>Adresse<\/h1><h4>\u00a0<\/h4><h4>Praxis MET &amp; K\u00f6rpertherapie<\/h4><h4>Nina Bernhardsgr\u00fctter<br \/>Poststrasse 1<br \/>7130 Ilanz<\/h4><\/div>\t\t\t\t\t\t\t\t<\/div>\n\t\t\t\t<\/div>\n\t\t\t\t\t<\/div>\n\t\t<\/div>\n\t\t\t\t<div class=\"elementor-column elementor-col-50 elementor-top-column elementor-element elementor-element-f56c97d\" data-id=\"f56c97d\" data-element_type=\"column\" data-e-type=\"column\">\n\t\t\t<div class=\"elementor-widget-wrap elementor-element-populated\">\n\t\t\t\t\t\t<div class=\"elementor-element elementor-element-46c352a elementor-widget elementor-widget-text-editor\" data-id=\"46c352a\" data-element_type=\"widget\" data-e-type=\"widget\" data-widget_type=\"text-editor.default\">\n\t\t\t\t<div class=\"elementor-widget-container\">\n\t\t\t\t\t\t\t\t\t<div id=\"block-16\" class=\"widget widget_block widget_text\"><h1>Kontakt<\/h1><h4>\u00a0<\/h4><div id=\"block-10\" class=\"widget widget_block widget_text\"><h4>+41 (0)78 892 92 91<\/h4><\/div><div id=\"block-11\" class=\"widget widget_block widget_text\"><h4>info@massagepraxis-ilanz.ch<\/h4><\/div><\/div>\t\t\t\t\t\t\t\t<\/div>\n\t\t\t\t<\/div>\n\t\t\t\t\t<\/div>\n\t\t<\/div>\n\t\t\t\t\t<\/div>\n\t\t<\/section>\n\t\t\t\t<section class=\"elementor-section elementor-top-section elementor-element elementor-element-d048f77 elementor-section-boxed elementor-section-height-default elementor-section-height-default\" data-id=\"d048f77\" data-element_type=\"section\" data-e-type=\"section\">\n\t\t\t\t\t\t<div class=\"elementor-container elementor-column-gap-default\">\n\t\t\t\t\t<div class=\"elementor-column elementor-col-100 elementor-top-column elementor-element elementor-element-c9bb413\" data-id=\"c9bb413\" data-element_type=\"column\" data-e-type=\"column\">\n\t\t\t<div class=\"elementor-widget-wrap elementor-element-populated\">\n\t\t\t\t\t\t<div class=\"elementor-element elementor-element-b750698 elementor-widget elementor-widget-spacer\" data-id=\"b750698\" data-element_type=\"widget\" data-e-type=\"widget\" data-widget_type=\"spacer.default\">\n\t\t\t\t<div class=\"elementor-widget-container\">\n\t\t\t\t\t\t\t<div class=\"elementor-spacer\">\n\t\t\t<div class=\"elementor-spacer-inner\"><\/div>\n\t\t<\/div>\n\t\t\t\t\t\t<\/div>\n\t\t\t\t<\/div>\n\t\t\t\t\t<\/div>\n\t\t<\/div>\n\t\t\t\t\t<\/div>\n\t\t<\/section>\n\t\t\t\t<section class=\"elementor-section elementor-top-section elementor-element elementor-element-e8f5a58 elementor-section-full_width elementor-section-height-min-height elementor-section-height-default elementor-section-items-middle\" data-id=\"e8f5a58\" data-element_type=\"section\" data-e-type=\"section\">\n\t\t\t\t\t\t<div class=\"elementor-container elementor-column-gap-default\">\n\t\t\t\t\t<div class=\"elementor-column elementor-col-100 elementor-top-column elementor-element elementor-element-fb49a95\" data-id=\"fb49a95\" data-element_type=\"column\" data-e-type=\"column\">\n\t\t\t<div class=\"elementor-widget-wrap elementor-element-populated\">\n\t\t\t\t\t\t<div class=\"elementor-element elementor-element-bfc7e87 elementor-widget elementor-widget-google_maps\" data-id=\"bfc7e87\" data-element_type=\"widget\" data-e-type=\"widget\" data-widget_type=\"google_maps.default\">\n\t\t\t\t<div class=\"elementor-widget-container\">\n\t\t\t\t\t\t\t<div class=\"elementor-custom-embed\">\n\t\t\t<iframe loading=\"lazy\"\n\t\t\t\t\tsrc=\"https:\/\/maps.google.com\/maps?q=Poststrasse%201%2C%207130%20Ilanz&#038;t=m&#038;z=15&#038;output=embed&#038;iwloc=near\"\n\t\t\t\t\ttitle=\"Poststrasse 1, 7130 Ilanz\"\n\t\t\t\t\taria-label=\"Poststrasse 1, 7130 Ilanz\"\n\t\t\t><\/iframe>\n\t\t<\/div>\n\t\t\t\t\t\t<\/div>\n\t\t\t\t<\/div>\n\t\t\t\t\t<\/div>\n\t\t<\/div>\n\t\t\t\t\t<\/div>\n\t\t<\/section>\n\t\t\t\t<\/div>\n\t\t","protected":false},"excerpt":{"rendered":"<p>Adresse \u00a0 Praxis MET &amp; K\u00f6rpertherapie Nina Bernhardsgr\u00fctterPoststrasse 17130 Ilanz Kontakt \u00a0 +41 (0)78 892 92 91 info@massagepraxis-ilanz.ch<\/p>\n","protected":false},"author":1,"featured_media":0,"parent":0,"menu_order":0,"comment_status":"closed","ping_status":"closed","template":"full_width.php","meta":{"footnotes":""},"class_list":["post-31","page","type-page","status-publish","hentry"],"yoast_head":"<!-- This site is optimized with the Yoast SEO plugin v27.5 - https:\/\/yoast.com\/product\/yoast-seo-wordpress\/ -->\n<title>Kontakt - Gesundheitspraxis Ilanz<\/title>\n<meta name=\"robots\" content=\"index, follow, max-snippet:-1, max-image-preview:large, max-video-preview:-1\" \/>\n<link rel=\"canonical\" href=\"https:\/\/massagepraxis-ilanz.ch\/?page_id=31\" \/>\n<meta property=\"og:locale\" content=\"de_DE\" \/>\n<meta property=\"og:type\" content=\"article\" \/>\n<meta property=\"og:title\" content=\"Kontakt - Gesundheitspraxis Ilanz\" \/>\n<meta property=\"og:description\" content=\"Adresse \u00a0 Praxis MET &amp; K\u00f6rpertherapie Nina Bernhardsgr\u00fctterPoststrasse 17130 Ilanz Kontakt \u00a0 +41 (0)78 892 92 91 info@massagepraxis-ilanz.ch\" \/>\n<meta property=\"og:url\" content=\"https:\/\/massagepraxis-ilanz.ch\/?page_id=31\" \/>\n<meta property=\"og:site_name\" content=\"Gesundheitspraxis Ilanz\" \/>\n<meta property=\"article:modified_time\" content=\"2021-12-20T11:00:19+00:00\" \/>\n<meta name=\"twitter:card\" content=\"summary_large_image\" \/>\n<meta name=\"twitter:label1\" content=\"Gesch\u00e4tzte Lesezeit\" \/>\n\t<meta name=\"twitter:data1\" content=\"1\u00a0Minute\" \/>\n<script type=\"application\/ld+json\" class=\"yoast-schema-graph\">{\"@context\":\"https:\\\/\\\/schema.org\",\"@graph\":[{\"@type\":\"WebPage\",\"@id\":\"https:\\\/\\\/massagepraxis-ilanz.ch\\\/?page_id=31\",\"url\":\"https:\\\/\\\/massagepraxis-ilanz.ch\\\/?page_id=31\",\"name\":\"Kontakt - Gesundheitspraxis Ilanz\",\"isPartOf\":{\"@id\":\"https:\\\/\\\/massagepraxis-ilanz.ch\\\/#website\"},\"datePublished\":\"2021-10-21T09:27:45+00:00\",\"dateModified\":\"2021-12-20T11:00:19+00:00\",\"breadcrumb\":{\"@id\":\"https:\\\/\\\/massagepraxis-ilanz.ch\\\/?page_id=31#breadcrumb\"},\"inLanguage\":\"de\",\"potentialAction\":[{\"@type\":\"ReadAction\",\"target\":[\"https:\\\/\\\/massagepraxis-ilanz.ch\\\/?page_id=31\"]}]},{\"@type\":\"BreadcrumbList\",\"@id\":\"https:\\\/\\\/massagepraxis-ilanz.ch\\\/?page_id=31#breadcrumb\",\"itemListElement\":[{\"@type\":\"ListItem\",\"position\":1,\"name\":\"Startseite\",\"item\":\"https:\\\/\\\/massagepraxis-ilanz.ch\\\/\"},{\"@type\":\"ListItem\",\"position\":2,\"name\":\"Kontakt\"}]},{\"@type\":\"WebSite\",\"@id\":\"https:\\\/\\\/massagepraxis-ilanz.ch\\\/#website\",\"url\":\"https:\\\/\\\/massagepraxis-ilanz.ch\\\/\",\"name\":\"Gesundheitspraxis Ilanz\",\"description\":\"Praxis Ilanz \u2013 Ganzheitliche Therapie, medizinische und TherapeutischeMassage, Physiotherapie, Lymphdrainage, Fussreflexzonenmassge, Hochfrequenztherapie, Ohrkerzenbehandlung, Hom\u00f6opathie, Ern\u00e4hrungs- &amp; N\u00e4hrstoffberatung, Sturzprophylaxe in Ilanz. Mit Achtsamkeit, Kompetenz und Zeit f\u00fcr Ihre Gesundheit.\",\"potentialAction\":[{\"@type\":\"SearchAction\",\"target\":{\"@type\":\"EntryPoint\",\"urlTemplate\":\"https:\\\/\\\/massagepraxis-ilanz.ch\\\/?s={search_term_string}\"},\"query-input\":{\"@type\":\"PropertyValueSpecification\",\"valueRequired\":true,\"valueName\":\"search_term_string\"}}],\"inLanguage\":\"de\"}]}<\/script>\n<!-- \/ Yoast SEO plugin. -->","yoast_head_json":{"title":"Kontakt - Gesundheitspraxis Ilanz","robots":{"index":"index","follow":"follow","max-snippet":"max-snippet:-1","max-image-preview":"max-image-preview:large","max-video-preview":"max-video-preview:-1"},"canonical":"https:\/\/massagepraxis-ilanz.ch\/?page_id=31","og_locale":"de_DE","og_type":"article","og_title":"Kontakt - Gesundheitspraxis Ilanz","og_description":"Adresse \u00a0 Praxis MET &amp; K\u00f6rpertherapie Nina Bernhardsgr\u00fctterPoststrasse 17130 Ilanz Kontakt \u00a0 +41 (0)78 892 92 91 info@massagepraxis-ilanz.ch","og_url":"https:\/\/massagepraxis-ilanz.ch\/?page_id=31","og_site_name":"Gesundheitspraxis Ilanz","article_modified_time":"2021-12-20T11:00:19+00:00","twitter_card":"summary_large_image","twitter_misc":{"Gesch\u00e4tzte Lesezeit":"1\u00a0Minute"},"schema":{"@context":"https:\/\/schema.org","@graph":[{"@type":"WebPage","@id":"https:\/\/massagepraxis-ilanz.ch\/?page_id=31","url":"https:\/\/massagepraxis-ilanz.ch\/?page_id=31","name":"Kontakt - Gesundheitspraxis Ilanz","isPartOf":{"@id":"https:\/\/massagepraxis-ilanz.ch\/#website"},"datePublished":"2021-10-21T09:27:45+00:00","dateModified":"2021-12-20T11:00:19+00:00","breadcrumb":{"@id":"https:\/\/massagepraxis-ilanz.ch\/?page_id=31#breadcrumb"},"inLanguage":"de","potentialAction":[{"@type":"ReadAction","target":["https:\/\/massagepraxis-ilanz.ch\/?page_id=31"]}]},{"@type":"BreadcrumbList","@id":"https:\/\/massagepraxis-ilanz.ch\/?page_id=31#breadcrumb","itemListElement":[{"@type":"ListItem","position":1,"name":"Startseite","item":"https:\/\/massagepraxis-ilanz.ch\/"},{"@type":"ListItem","position":2,"name":"Kontakt"}]},{"@type":"WebSite","@id":"https:\/\/massagepraxis-ilanz.ch\/#website","url":"https:\/\/massagepraxis-ilanz.ch\/","name":"Gesundheitspraxis Ilanz","description":"Praxis Ilanz \u2013 Ganzheitliche Therapie, medizinische und TherapeutischeMassage, Physiotherapie, Lymphdrainage, Fussreflexzonenmassge, Hochfrequenztherapie, Ohrkerzenbehandlung, Hom\u00f6opathie, Ern\u00e4hrungs- &amp; N\u00e4hrstoffberatung, Sturzprophylaxe in Ilanz. Mit Achtsamkeit, Kompetenz und Zeit f\u00fcr Ihre Gesundheit.","potentialAction":[{"@type":"SearchAction","target":{"@type":"EntryPoint","urlTemplate":"https:\/\/massagepraxis-ilanz.ch\/?s={search_term_string}"},"query-input":{"@type":"PropertyValueSpecification","valueRequired":true,"valueName":"search_term_string"}}],"inLanguage":"de"}]}},"_links":{"self":[{"href":"https:\/\/massagepraxis-ilanz.ch\/index.php?rest_route=\/wp\/v2\/pages\/31","targetHints":{"allow":["GET"]}}],"collection":[{"href":"https:\/\/massagepraxis-ilanz.ch\/index.php?rest_route=\/wp\/v2\/pages"}],"about":[{"href":"https:\/\/massagepraxis-ilanz.ch\/index.php?rest_route=\/wp\/v2\/types\/page"}],"author":[{"embeddable":true,"href":"https:\/\/massagepraxis-ilanz.ch\/index.php?rest_route=\/wp\/v2\/users\/1"}],"replies":[{"embeddable":true,"href":"https:\/\/massagepraxis-ilanz.ch\/index.php?rest_route=%2Fwp%2Fv2%2Fcomments&post=31"}],"version-history":[{"count":41,"href":"https:\/\/massagepraxis-ilanz.ch\/index.php?rest_route=\/wp\/v2\/pages\/31\/revisions"}],"predecessor-version":[{"id":749,"href":"https:\/\/massagepraxis-ilanz.ch\/index.php?rest_route=\/wp\/v2\/pages\/31\/revisions\/749"}],"wp:attachment":[{"href":"https:\/\/massagepraxis-ilanz.ch\/index.php?rest_route=%2Fwp%2Fv2%2Fmedia&parent=31"}],"curies":[{"name":"wp","href":"https:\/\/api.w.org\/{rel}","templated":true}]}}